Climatological Summary Reports

Select a Year or Month report
2018: Jan Feb Mar Apr May Jun Jul Aug Sep Oct Nov Dec
2017: Jan Feb Mar Apr May Jun Jul Aug Sep Oct Nov Dec

Report for 2018 August
                   Monthly Climatological Summary for Aug 2018

Name: Westerhope   City: Newcastle upon Tyne   State: Tyne and Wear
Elevation: 120 m  Lat: N 55 00 00   Lon: W 001 42 00

                  Temperature (°C), Rain (mm), Wind Speed (mph)

                                      Heat  Cool        Avg
    Mean                              Deg   Deg         Wind                 Dom
Day Temp  High   Time   Low    Time   Days  Days  Rain  Speed High   Time    Dir
----------------------------------------------------------------------------------
01  16.6  20.6   11:56  13.1   05:53   2.1   0.4   2.8   2.5  16.0   10:12    SW
02  20.0  25.6   15:07  15.4   04:49   0.8   2.5   0.2   2.9  15.0   11:42    SW
03  18.9  22.9   15:56  16.1   23:57   0.3   0.9   5.4   1.0  11.0   20:01    SW
04  16.8  22.2   15:57  12.6   06:34   2.2   0.7   0.0   2.8  14.0   14:03    SW
05  18.5  24.2   16:38  13.7   06:15   1.5   1.8   0.0   2.2  13.0   15:25   WSW
06  18.3  21.2   11:58  15.8   01:45   0.8   0.9   0.0   2.3  14.0   11:04    SW
07  17.8  22.5   10:27  12.9   23:58   1.6   1.1   0.0   2.0  14.0   17:12    SW
08  14.8  19.3   16:46  10.2   05:53   3.5   0.0   0.0   3.0  17.0   18:21    SW
09  14.8  20.1   14:51  10.1   06:30   3.6   0.1   0.0   1.7  12.0   11:57   WSW
10  13.5  17.8   13:19  10.2   06:18   4.8   0.0   0.2   2.3  15.0   11:12   WSW
11  14.7  22.3   17:04   8.7   06:08   3.9   0.3   0.2   2.4  12.0   11:30    SW
12  16.6  20.6   14:29  14.4   03:18   1.9   0.2  25.0   0.6   8.0   18:08   ENE
13  16.3  18.0   14:46  15.3   04:22   2.0   0.0   5.0   1.1   8.0   16:25    NE
14  16.4  18.8   18:01  13.4   05:30   1.9   0.0   0.4   3.0  15.0   18:54    SW
15  18.1  21.8   15:48  15.3   20:15   0.9   0.7   2.2   4.5  21.0   10:03    SW
16  14.9  17.7   15:13  12.2   23:59   3.4   0.0   0.8   4.3  18.0   14:50    SW
17  14.5  16.7   13:14  11.6   02:29   3.8   0.0   0.0   4.1  19.0   14:15    SW
18  18.0  21.6   16:26  16.2   05:54   0.8   0.4   0.0   4.6  20.0   06:38    SW
19  17.2  21.3   15:31  13.8   23:59   1.4   0.3   7.8   2.0  18.0   11:43     W
----------------------------------------------------------------------------------
    16.7  25.6     2     8.7    11    41.2  10.3  50.0   2.6  21.0    15      SW

Max >=  27.0  0
Max <=   0.0  0
Min <=   0.0  0
Min <= -18.0  0
Max Rain: 25.0 on day 12
Days of Rain: 11 (>= 0.2 mm)  6 (>= 2.0 mm)  1 (>= 20.0 mm)
Heat Base: 18.3  Cool Base: 18.3  Method: Integration