Climatological Summary Reports

Select a Year or Month report
2019: Jan Feb Mar Apr May Jun Jul Aug Sep Oct Nov Dec
2018: Jan Feb Mar Apr May Jun Jul Aug Sep Oct Nov Dec
2017: Jan Feb Mar Apr May Jun Jul Aug Sep Oct Nov Dec

Report for 2019 April
                   Monthly Climatological Summary for Apr 2019

Name: Westerhope   City: Newcastle upon Tyne   State: Tyne and Wear
Elevation: 120 m  Lat: N 55 00 00   Lon: W 001 42 00

                  Temperature (°C), Rain (mm), Wind Speed (mph)

                                      Heat  Cool        Avg
    Mean                              Deg   Deg         Wind                 Dom
Day Temp  High   Time   Low    Time   Days  Days  Rain  Speed High   Time    Dir
----------------------------------------------------------------------------------
01   5.0   9.5   16:06   0.2   06:15  13.3   0.0   0.0   1.9  17.0   21:29     S
02   4.7   8.5   15:51   1.1   23:53  13.6   0.0   7.2   2.0  14.0   15:51   WNW
03   2.9   7.8   17:08   0.3   06:11  15.4   0.0   6.6   3.3  18.0   20:23   SSW
04   5.0   9.1   14:27   1.7   04:21  13.3   0.0   1.8   2.3  20.0   18:51     E
05   7.8  12.4   14:29   4.8   03:51  10.5   0.0   0.0   2.6  17.0   13:30     E
06   6.2   8.2   14:31   3.7   06:43  12.1   0.0   0.0   1.3   8.0   08:04     N
07   6.9   9.9   14:16   6.0   07:48  11.4   0.0   0.4   2.2  12.0   16:13    NE
08   6.2   7.4   17:59   4.8   23:19  12.1   0.0   0.0   2.6  13.0   12:32    NE
09   6.2   9.1   15:59   3.7   23:58  12.1   0.0   0.0   2.2  14.0   16:44     E
10   4.7  10.3   16:09   0.4   06:00  13.6   0.0   0.0   0.8  10.0   15:50     E
11   6.1  12.6   16:29   0.1   06:13  12.2   0.0   0.0   1.3  14.0   13:07   SSW
12   5.7  10.4   13:38   2.7   07:00  12.6   0.0   0.0   1.7  12.0   00:22    SE
13   4.9   9.2   16:06   0.9   04:24  13.3   0.0   0.0   1.6  16.0   11:42     E
14   5.2   8.9   14:52   2.2   06:11  13.1   0.0   0.0   1.8  14.0   13:05     E
15   6.2  10.4   14:09   2.4   03:57  12.1   0.0   0.0   2.1  18.0   15:04     E
16   7.6  10.3   15:27   6.2   05:35  10.7   0.0   0.0   2.3  16.0   14:44     E
17   8.5  13.2   14:46   5.9   05:55   9.8   0.0   0.0   1.7  10.0   15:33   ENE
18   9.6  15.3   12:26   5.1   05:56   8.7   0.0   0.0   1.3  12.0   15:34   ENE
19  11.1  20.0   15:15   4.1   06:13   7.3   0.1   0.0   0.6  10.0   14:18     E
20  15.6  24.2   15:26   7.4   06:22   4.1   1.4   0.0   1.1   9.0   16:50   SSW
----------------------------------------------------------------------------------
     6.8  24.2    20     0.1    11   231.3   1.5  16.0   1.8  20.0     4       E

Max >=  27.0  0
Max <=   0.0  0
Min <=   0.0  0
Min <= -18.0  0
Max Rain: 7.2 on day 2
Days of Rain: 4 (>= 0.2 mm)  2 (>= 2.0 mm)  0 (>= 20.0 mm)
Heat Base: 18.3  Cool Base: 18.3  Method: Integration