Thunderstorms From: 24-06-2019 00:00 Until: 22:59 warning for: Thunderstorms Level: Yellow info button
Heavy rain and thunderstorms may lead to flooding and disruption to travel.What to expect There is a small chance that homes and businesses could be flooded quickly, with damage to some buildings from floodwater, lightning strikes, hail or strong winds There is a small chance of fast flowing or deep floodwater causing danger to life Where flooding or lightning strikes occur, there is a chance of delays and some cancellations to train and bus services Spray and sudden flooding could lead to difficult driving conditions and some road closures There is a slight chance that power cuts could occur and other services to some homes and businesses could be lost 

Climatological Summary Reports

Select a Year or Month report
2019: Jan Feb Mar Apr May Jun Jul Aug Sep Oct Nov Dec
2018: Jan Feb Mar Apr May Jun Jul Aug Sep Oct Nov Dec
2017: Jan Feb Mar Apr May Jun Jul Aug Sep Oct Nov Dec

Report for 2019 June
                   Monthly Climatological Summary for Jun 2019

Name: Westerhope   City: Newcastle upon Tyne   State: Tyne and Wear
Elevation: 120 m  Lat: N 55 00 00   Lon: W 001 42 00

                  Temperature (°C), Rain (mm), Wind Speed (mph)

                                      Heat  Cool        Avg
    Mean                              Deg   Deg         Wind                 Dom
Day Temp  High   Time   Low    Time   Days  Days  Rain  Speed High   Time    Dir
----------------------------------------------------------------------------------
01  13.9  16.4   18:30  10.6   05:30   4.4   0.0   0.0   2.1  17.0   01:00    SW
02  15.5  19.8   12:15  12.8   23:00   2.9   0.1   1.4   3.3  25.0   17:00    SW
03  13.3  15.9   16:00  11.0   23:30   5.0   0.0   0.0   6.5  23.0   02:30    SW
04  12.4  17.0   13:00   9.2   04:30   5.9   0.0   8.8   1.6  12.0   01:00     S
05  12.9  17.1   12:46   9.3   00:00   5.4   0.0   1.8   2.3  16.0   15:44   SSW
06  13.5  18.3   15:56   9.2   05:11   4.8   0.0   0.0   2.3  19.0   16:20    SW
07  12.8  18.2   13:23   7.4   05:26   5.5   0.0   5.4   1.7  14.0   23:12   ENE
08  10.6  12.2   16:58   9.7   10:43   7.7   0.0  13.2   3.5  15.0   09:19     N
09  13.0  17.3   15:24   8.7   04:41   5.3   0.0   0.0   3.0  16.0   15:10    SW
10  12.2  17.3   14:48   5.3   05:12   6.1   0.0   0.0   2.5  14.0   23:55    NE
11  10.0  11.8   11:34   7.7   04:05   8.3   0.0   0.0   4.4  18.0   09:23   NNE
12  10.2  11.5   17:40   8.7   01:39   8.1   0.0  14.0   5.1  22.0   04:43   NNE
13   8.8  10.4   00:39   7.8   11:13   9.5   0.0  14.2   3.6  16.0   00:59   NNE
14  11.3  15.9   18:18   8.3   04:32   7.0   0.0   2.0   0.6  11.0   17:45    SW
15  13.2  18.6   15:14  10.1   05:27   5.1   0.0   0.8   0.8  13.0   13:45    SW
16  12.9  17.9   15:18   7.7   05:09   5.4   0.0   1.6   2.0  16.0   12:45    SW
17  15.1  18.9   16:58  11.4   05:24   3.2   0.0   0.2   5.4  26.0   15:02    SW
18  15.6  20.1   15:40  11.3   04:29   2.8   0.2   0.0   2.5  15.0   15:59    SW
19  13.9  19.6   18:28  10.3   08:31   4.4   0.0   2.8   0.5  13.0   18:46    SW
20  13.2  17.0   15:19  10.2   00:45   5.1   0.0   0.0   4.0  17.0   14:01    SW
21  13.3  18.4   15:38   9.0   04:48   5.0   0.0   0.0   3.1  15.0   09:02    SW
22  14.4  20.5   16:10   7.2   05:10   4.1   0.1   0.0   1.5  10.0   12:35   SSW
23  14.7  19.3   14:21  12.4   05:33   3.6   0.0   1.6   1.2  11.0   13:44     E
----------------------------------------------------------------------------------
    12.9  20.5    22     5.3    10   124.6   0.4  67.8   2.8  26.0    17      SW

Max >=  27.0  0
Max <=   0.0  0
Min <=   0.0  0
Min <= -18.0  0
Max Rain: 14.2 on day 13
Days of Rain: 13 (>= 0.2 mm)  7 (>= 2.0 mm)  0 (>= 20.0 mm)
Heat Base: 18.3  Cool Base: 18.3  Method: Integration