Climatological Summary Reports

Select a Year or Month report
2018: Jan Feb Mar Apr May Jun Jul Aug Sep Oct Nov Dec
2017: Jan Feb Mar Apr May Jun Jul Aug Sep Oct Nov Dec

Report for 2018 November
                   Monthly Climatological Summary for Nov 2018

Name: Westerhope   City: Newcastle upon Tyne   State: Tyne and Wear
Elevation: 120 m  Lat: N 55 00 00   Lon: W 001 42 00

                  Temperature (°C), Rain (mm), Wind Speed (mph)

                                      Heat  Cool        Avg
    Mean                              Deg   Deg         Wind                 Dom
Day Temp  High   Time   Low    Time   Days  Days  Rain  Speed High   Time    Dir
----------------------------------------------------------------------------------
01   5.9   9.2   12:44   2.7   23:43  12.4   0.0   1.6   2.1  13.0   01:05    SW
02   5.7   9.9   14:17   2.2   07:14  12.6   0.0   0.0   2.3  13.0   01:11    SW
03  10.6  13.4   11:33   6.3   00:19   7.7   0.0   0.8   4.8  22.0   16:39   SSW
04  11.2  13.4   13:29   9.1   07:02   7.1   0.0   0.2   2.3  17.0   00:09   SSW
05   9.4  10.7   14:19   8.6   04:04   8.9   0.0   0.2   0.9  10.0   15:04     S
06  10.8  12.9   21:31   9.4   00:47   7.5   0.0   0.0   1.8  12.0   09:35   SSW
07  10.7  12.8   14:16   6.9   22:00   7.6   0.0   1.6   1.9  14.0   00:27     S
08   7.9  10.0   18:53   5.3   06:42  10.4   0.0   0.0   1.5  15.0   19:18   SSW
09   8.6  10.2   18:07   6.8   02:10   9.7   0.0   3.6   2.8  19.0   22:38   SSW
10   9.3  11.1   12:01   7.1   23:45   9.0   0.0   0.0   2.5  16.0   00:21   SSW
11   7.0   9.3   15:20   5.4   05:20  11.2   0.0   0.4   1.6  12.0   22:03   SSW
12   7.9  12.2   14:14   5.4   07:24  10.4   0.0   0.6   2.3  16.0   11:45     S
13   9.4  11.4   12:43   7.8   04:25   8.9   0.0   0.2   5.4  31.0   09:55    SW
14  11.4  13.7   13:00   8.9   00:20   6.9   0.0   2.0   4.1  23.0   14:15   SSW
15   8.6  12.3   14:03   5.6   07:18   9.7   0.0   0.0   2.5  13.0   00:31     S
----------------------------------------------------------------------------------
     9.0  13.7    14     2.2     2   140.0   0.0  11.2   2.6  31.0    13     SSW

Max >=  27.0  0
Max <=   0.0  0
Min <=   0.0  0
Min <= -18.0  0
Max Rain: 3.6 on day 9
Days of Rain: 10 (>= 0.2 mm)  2 (>= 2.0 mm)  0 (>= 20.0 mm)
Heat Base: 18.3  Cool Base: 18.3  Method: Integration