Climatological Summary Reports


Report for 2019 November
                   Monthly Climatological Summary for Nov 2019

Name: Westerhope   City: Newcastle upon Tyne   State: Tyne and Wear
Elevation: 120 m  Lat: N 55 00 00   Lon: W 001 42 00

                  Temperature (°C), Rain (mm), Wind Speed (mph)

                                      Heat  Cool        Avg
    Mean                              Deg   Deg         Wind                 Dom
Day Temp  High   Time   Low    Time   Days  Days  Rain  Speed High   Time    Dir
----------------------------------------------------------------------------------
01   8.5  11.4   22:58   6.4   06:26   9.8   0.0   0.0   0.6  11.0   03:22   SSW
02   9.5  11.6   01:54   6.6   23:57   8.8   0.0   0.0   0.7  10.0   23:47    SW
03   8.1  10.8   13:29   6.3   00:25  10.2   0.0   0.0   1.7  16.0   05:36    SW
04   8.7  10.3   10:34   7.6   07:36   9.6   0.0   0.2   2.2  23.0   23:25    NE
05   6.9   9.4   12:57   3.4   23:06  11.4   0.0   0.0   4.1  21.0   01:57   NNE
06   4.5   6.7   13:17   2.2   07:35  13.8   0.0   0.0   0.4   7.0   03:28   WSW
07   6.7   8.9   11:57   4.7   00:00  11.6   0.0   0.0   3.3  20.0   18:50   ENE
08   4.1   6.3   12:50   2.1   23:27  14.2   0.0   0.0   2.4  17.0   01:13     N
09   2.6   5.8   12:59  -0.5   07:14  15.6   0.0   0.0   0.4   8.0   13:35   ENE
10   4.6   8.7   13:12   2.4   08:01  13.7   0.0   0.0   0.3   8.0   13:42   NNW
11   5.2   7.4   11:59   3.8   03:28  13.1   0.0   0.0   5.3  25.0   12:28    SW
12   5.0   7.9   13:19   2.8   07:41  13.3   0.0   0.2   3.9  20.0   00:06   WNW
13   2.3   6.7   14:36  -0.2   07:50  16.0   0.0   0.0   1.0  10.0   23:10    SW
14   3.9   6.1   12:07   2.2   04:42  14.5   0.0   0.0   2.9  17.0   15:33     N
15   6.5   8.8   13:39   5.0   07:48  11.8   0.0   0.0   2.9  20.0   16:35   NNE
16   7.1   7.7   12:23   5.9   23:59  11.2   0.0   0.0   1.7  11.0   00:40     N
17   5.0   6.7   13:00   1.6   23:57  13.3   0.0   0.0   1.2  10.0   13:18     N
18   1.8   5.8   13:42  -1.4   23:54  16.5   0.0   0.0   1.5   9.0   07:28   WSW
19   0.1   2.3   11:44  -2.8   07:36  18.2   0.0  52.4   1.4  13.0   22:34    SW
----------------------------------------------------------------------------------
     5.3  11.6     2    -2.8    19   246.6   0.0  52.8   2.0  25.0    11     NNW

Max >=  27.0  0
Max <=   0.0  0
Min <=   0.0  4
Min <= -18.0  0
Max Rain: 52.4 on day 19
Days of Rain: 3 (>= 0.2 mm)  1 (>= 2.0 mm)  1 (>= 20.0 mm)
Heat Base: 18.3  Cool Base: 18.3  Method: Integration