Snow/Ice From: 23-01-2019 20:00 Until: 24-01-2019 10:00 warning for: Snow/Ice Level: Yellow info button
Another cold night with a risk of ice, either where surfaces remain wet from daytime showers, or where further wintry showers fall onto frozen surfaces during the night and on Thursday morning. Showers will be a mix of rain, sleet and snow, with some slight accumulations possible, mainly above 200 metres. 

Climatological Summary Reports

Select a Year or Month report
2019: Jan Feb Mar Apr May Jun Jul Aug Sep Oct Nov Dec
2018: Jan Feb Mar Apr May Jun Jul Aug Sep Oct Nov Dec
2017: Jan Feb Mar Apr May Jun Jul Aug Sep Oct Nov Dec

Report for 2019 January
                   Monthly Climatological Summary for Jan 2019

Name: Westerhope   City: Newcastle upon Tyne   State: Tyne and Wear
Elevation: 120 m  Lat: N 55 00 00   Lon: W 001 42 00

                  Temperature (°C), Rain (mm), Wind Speed (mph)

                                      Heat  Cool        Avg
    Mean                              Deg   Deg         Wind                 Dom
Day Temp  High   Time   Low    Time   Days  Days  Rain  Speed High   Time    Dir
----------------------------------------------------------------------------------
01   6.0   9.8   00:00   3.8   16:59  12.3   0.0   0.0   2.9  22.0   00:11    NW
02   3.0   4.3   12:59  -0.9   23:55  15.3   0.0   0.0   1.3   8.0   00:16   NNW
03   1.5   3.1   15:03  -1.5   01:22  16.8   0.0   0.0   1.1   7.0   02:54    SW
04   4.2   6.1   13:50   2.6   03:51  14.1   0.0   0.0   1.9  11.0   17:01   WSW
05   3.7   5.2   23:18   2.4   06:33  14.6   0.0   0.0   2.0  16.0   23:17     W
06   7.4   8.8   13:17   5.1   00:02  10.9   0.0   0.0   2.4  15.0   03:04    SW
07   9.1  11.8   09:33   6.6   23:45   9.2   0.0   0.6   5.9  27.0   16:15    SW
08   4.8   6.6   00:00   3.4   09:13  13.5   0.0   0.0   3.7  20.0   00:11    NW
09   2.8   4.1   14:16   0.7   23:40  15.5   0.0   0.0   2.6  14.0   02:04   NNW
10   4.8   6.6   13:48   1.1   00:00  13.5   0.0   0.2   3.6  13.0   11:34    SW
11   6.2   8.1   23:02   4.2   04:52  12.1   0.0   0.0   3.0  18.0   22:59    SW
12   8.3   9.9   20:30   7.0   06:44  10.0   0.0   0.0   6.2  26.0   23:18    SW
13   8.4  10.7   12:38   5.0   23:42   9.9   0.0   0.0   6.4  32.0   01:36    SW
14   4.8   7.4   23:54   2.6   09:54  13.5   0.0   0.6   2.6  19.0   23:41   WSW
15   8.6  10.5   14:33   7.4   00:00   9.7   0.0   0.0   6.5  26.0   12:39    SW
16   5.7   8.9   01:49   1.7   22:54  12.6   0.0   1.0   5.3  23.0   15:27    SW
17   0.8   3.6   13:55  -0.9   06:08  17.5   0.0   0.8   3.6  22.0   03:49   NNW
18   0.2   1.9   12:38  -2.1   06:04  18.1   0.0   0.0   1.4  13.0   23:25   SSW
19   1.8   2.4   13:04   1.2   07:48  16.4   0.0   0.0   1.5  14.0   00:32   SSW
20   2.8   5.2   14:27   0.7   23:49  15.5   0.0   0.2   1.4  12.0   13:50   WSW
21   1.2   3.7   21:52  -2.4   07:35  17.1   0.0   0.2   2.5  17.0   23:19   SSW
22   1.2   3.0   01:18  -1.8   23:09  17.1   0.0   0.0   3.1  19.0   09:11    SW
----------------------------------------------------------------------------------
     4.4  11.8     7    -2.4    21   305.2   0.0   3.6   3.2  32.0    13     WSW

Max >=  27.0  0
Max <=   0.0  0
Min <=   0.0  6
Min <= -18.0  0
Max Rain: 1.0 on day 16
Days of Rain: 7 (>= 0.2 mm)  0 (>= 2.0 mm)  0 (>= 20.0 mm)
Heat Base: 18.3  Cool Base: 18.3  Method: Integration