There are multiple Weather-warnings   Click here for more information

Climatological Summary Reports

Select a Year or Month report
2018: Jan Feb Mar Apr May Jun Jul Aug Sep Oct Nov Dec
2017: Jan Feb Mar Apr May Jun Jul Aug Sep Oct Nov Dec

Report for 2018 September
                   Monthly Climatological Summary for Sep 2018

Name: Westerhope   City: Newcastle upon Tyne   State: Tyne and Wear
Elevation: 120 m  Lat: N 55 00 00   Lon: W 001 42 00

                  Temperature (°C), Rain (mm), Wind Speed (mph)

                                      Heat  Cool        Avg
    Mean                              Deg   Deg         Wind                 Dom
Day Temp  High   Time   Low    Time   Days  Days  Rain  Speed High   Time    Dir
----------------------------------------------------------------------------------
01  16.3  23.1   15:24  10.3   04:14   2.9   0.8   0.0   1.7  12.0   12:31    SW
02  19.6  24.8   14:44  16.6   06:24   0.5   1.8   0.0   1.9  18.0   14:55    SW
03  13.3  18.6   09:03  10.3   23:36   5.0   0.0   3.4   2.3  14.0   19:04   NNE
04  12.1  16.2   14:59  10.0   04:10   6.2   0.0   0.0   2.3  11.0   13:16     N
05  13.0  19.9   15:06   8.3   07:35   5.4   0.1   0.0   1.2   7.0   17:31   WSW
06  11.2  15.4   14:44   7.2   00:00   7.1   0.0   0.4   1.5  16.0   16:45     W
16   7.5  11.7   11:00   5.5   06:15   5.6   0.0   1.8  ----  15.0   09:30    SW
17  17.7  18.2   22:11  10.7   22:11   0.0   0.0   9.8   5.1  18.0   22:29   SSW
18  16.5  20.9   13:41  13.4   03:57   2.0   0.2   1.0   5.3  26.0   14:17    SW
19  14.5  18.6   13:25  10.9   23:45   3.8   0.0   0.0   8.4  46.0   13:53    SW
----------------------------------------------------------------------------------
    14.2  24.8     2     5.5    16    38.5   2.9  16.4   3.1  46.0    19      SW

Max >=  27.0  0
Max <=   0.0  0
Min <=   0.0  0
Min <= -18.0  0
Max Rain: 9.8 on day 17
Days of Rain: 5 (>= 0.2 mm)  2 (>= 2.0 mm)  0 (>= 20.0 mm)
Heat Base: 18.3  Cool Base: 18.3  Method: Integration